he highest common divisor of 132 and 1124178?
66
Calculate the highest common divisor of 384 and 41376.
96
What is the greatest common divisor of 17 and 11?
1
What is the highest common factor of 9990 and 11840?
370
Calculate the highest common divisor of 99 and 21015.
9
Calculate the highest common factor of 138 and 1484696.
46
Calculate the greatest common divisor of 13 and 5213.
13
What is the highest common factor of 896 and 2044?
28
Calculate the greatest common factor of 8648 and 460.
92
What is the highest common divisor of 345447 and 20043?
1179
Calculate the highest common factor of 1843 and 988.
19
Calculate the highest common factor of 7652 and 3.
1
What is the greatest common divisor of 1870 and 23222?
34
Calculate the highest common factor of 540942 and 1424.
178
What is the highest common divisor of 65037 and 551?
19
What is the highest common factor of 4 and 370734?
2
What is the greatest common factor of 156 and 133068?
156
What is the highest common divisor of 347383 and 109?
109
Calculate the greatest common divisor of 79727 and 1769.
61
Calculate the highest common divisor of 624588 and 1752.
876
Calculate the highest common factor of 26 and 11375.
13
Calculate the highest common divisor of 2592 and 1963440.
1296
What is the greatest common divisor of 946164 and 60?
12
What is the highest common divisor of 488319 and 285?
57
Calculate the highest common factor of 2307 and 12.
3
Calculate the greatest common factor of 719406 and 1.
1
What is the greatest common divisor of 78 and 984?
6
What is the highest common factor of 7 and 868049?
7
What is the highest common divisor of 121498 and 65?
13
What is the highest common factor of 16771 and 13919?
31
What is the highest common divisor of 16503 and 3?
3
Calculate the highest common factor of 338 and 37427.
13
Calculate the greatest common divisor of 54528 and 26412.
852
What is the greatest common factor of 129 and 3273?
3
What is the greatest common divisor of 517 and 6281?
11
What is the greatest common factor of 25839 and 99209?
319
Calculate the greatest common factor of 57 and 250287.
57
Calculate the greatest common divisor of 96 and 70944.
96
What is the greatest common factor of 11375 and 728?
91
What is the greatest common factor of 960 and 22970?
10
Calculate the greatest common factor of 1530 and 180.
90
Calculate the highest common divisor of 1737 and 7140807.
1737
What is the greatest common factor of 678172 and 308?
44
Calculate the greatest common divisor of 51027 and 41610.
219
Calculate the greatest common factor of 546 and 28002.
78
Calculate the greatest common factor of 4015 and 2970.
55
Calculate the greatest common factor of 968 and 230142.
242
Calculate the highest common factor of 148 and 19573.
37
What is the greatest common factor of 1283830 and 380?
190
What is the greatest common factor of 109116 and 168?
84
Calculate the highest common factor of 64 and 3349.
1
Calculate the highest common divisor of 4230 and 411120.
90
Calculate the greatest common factor of 498 and 825186.
498
What is the greatest common divisor of 20286 and 97290?
414
What is the highest common divisor of 528 and 65028?
12
Calculate the greatest common factor of 221 and 85068.
17
Calculate the greatest common divisor of 25172 and 261.
29
Calculate the greatest common divisor of 30 and 28146.
6
What is the highest common divisor of 147021 and 63?
21
What is the highest common factor of 1354224 and 64?
16
What is the greatest common factor of 3239 and 60188?
41
What is the greatest common divisor of 6013 and 4781?
7
Calculate the greatest common divisor of 825 and 210265.
55
What is the greatest common factor of 130732 and 12052?
92
Calculate the greatest common divisor of 5211 and 48250.
193
Calculate the highest common factor of 108 and 756567.
27
Calculate the greatest common divisor of 11781 and 441.
63
What is the greatest common factor of 3178902 and 178?
178
What is the greatest common divisor of 417831 and 41?
41
Calculate the highest common factor of 775 and 1121425.
775
What is the highest common factor of 18504 and 516?
12
Calculate the greatest common divisor of 286334 and 488.
122
What is the highest common divisor of 665950 and 2850?
950
Calculate the highest common divisor of 20365 and 45.
5
Calculate the greatest common factor of 19337 and 125215.
317
Calculate the greatest common divisor of 116 and 1016363.
29
What is the highest common factor of 557630 and 10?
10
What is the highest common factor of 187289 and 4301?
391
Calculate the greatest common factor of 1306 and 2.
2
Calculate the greatest common divisor of 2122 and 2585657.
1061
Calculate the highest common factor of 2212 and 166532.
316
What is the greatest common factor of 346999 and 1412?
353
Calculate the highest common divisor of 1030945 and 141.
47
What is the greatest common factor of 1465466 and 626?
626
What is the greatest common factor of 117156 and 17004?
156
Calculate the highest common factor of 80 and 18545.
5
Calculate the highest common divisor of 1696 and 69748.
212
What is the greatest common factor of 31 and 91109?
31
Calculate the highest common divisor of 1006 and 8771314.
1006
Calculate the highest common divisor of 17024 and 38.
38
What is the greatest common divisor of 15911 and 28?
7
Calculate the greatest common factor of 36112 and 1072.
16
What is the greatest common factor of 33003 and 61374?
579
What is the greatest common divisor of 52900 and 1725?
575
Calculate the highest common factor of 716480 and 40.
40
What is the highest common divisor of 24911 and 29?
29
What is the highest common factor of 4380543 and 306?
153
What is the highest common factor of 720799 and 11569?
503
What is the highest common divisor of 42354 and 724?
362
What is the highest common factor of 739 and 13?
1
Calculate the highest common divisor of 82 and 3196114.
82
Calculate the highest common factor of 5550 and 4425.
75
What is the highest common factor of 220 and 61148?
4
Calculate the greatest common factor of 2 and 607406.
2
Calculate the highest common divisor of 4278 and 52302.
138
What is the highest common divisor of 12415 and 6565?
65
Calculate the highest common divisor of 1320 and 510.
30
Calculate the highest common divisor of 2122 and 185675.
1061
What is the highest common factor of 12900 and 13?
1
Calculate the greatest common divisor of 62818 and 33973.
641
What is the greatest common divisor of 5003236 and 460?
92
Calculate the highest common factor of 1245 and 8895.
15
What is the greatest common factor of 13651660 and 20?
20
Calculate the highest common factor of 28854 and 126.
126
What is the greatest common divisor of 1527210 and 8126?
478
Calculate the greatest common factor of 17052 and 3045.
609
What is the highest common divisor of 8698 and 34?
2
Calculate the highest common factor of 18645 and 5280.
165
Calculate the greatest common divisor of 148 and 35668.
148
Calculate the highest common divisor of 1197 and 434.
7
What is the highest common factor of 2263 and 2635?
31
What is the greatest common factor of 3306 and 232?
58
Calculate the highest common factor of 101794 and 28.
14
Calculate the greatest common factor of 33 and 11927751.
33
Calculate the greatest common divisor of 41207 and 801.
89
Calculate the greatest common divisor of 133 and 4009.
19
Calculate the greatest common factor of 36039 and 369.
123
Calculate the highest common factor of 69 and 567111.
69
Calculate the highest common factor of 8118327 and 21.
21
Calculate the greatest common divisor of 116275 and 100.
25
Calculate the highest common divisor of 48262 and 354.
118
Calculate the highest common factor of 162021 and 9.
3
Calculate the highest common factor of 5775 and 18450.
75
Calculate the highest common factor of 832 and 320.
64
What is the highest common factor of 1672 and 2698?
38
Calculate the greatest common divisor of 1080 and 7992.
216
Calculate the highest common divisor of 142 and 2606.
2
What is the greatest common divisor of 22 and 6533?
1
Calculate the highest common factor of 44 and 876172.
44
Calculate the greatest common divisor of 200 and 134860.
20
What is the greatest common divisor of 319 and 29318971?
319
What is the greatest common factor of 165 and 298617?
33
Calculate the g